{"id":2,"date":"2023-04-28T12:15:46","date_gmt":"2023-04-28T12:15:46","guid":{"rendered":"http:\/\/sandvaddesign.dk\/?page_id=2"},"modified":"2026-04-17T11:10:21","modified_gmt":"2026-04-17T11:10:21","slug":"sample-page","status":"publish","type":"page","link":"http:\/\/sandvaddesign.dk\/","title":{"rendered":"Anbefalinger"},"content":{"rendered":"\n<p>Jeg har i mange \u00e5r fotograferet for venner, familie og min arbejdsplads, og har v\u00e6ret s\u00e5 heldig at fotografere mange forskellige personer, familie og grupper. Herunder kan I se et lille udvalg af mine tilbagemeldinger.<\/p>\n\n\n\n<p><\/p>\n\n\n\n<blockquote class=\"wp-block-quote\">\n<p>Vi havde Mai-Britt med i Rebild Bakker for at tage billeder af vores familie. B\u00e5de opstillede og naturlige billeder &#8211; og de blev s\u00e5 gode!<\/p>\n\n\n\n<p>Hun gav sig god tid og fik fanget en masse gode billeder og det var bare en rigtig god oplevelse. S\u00e5 var hun ogs\u00e5 bare rigtig s\u00f8d!<\/p>\n\n\n\n<p>Vi giver de allerbedste anbefalinger!<\/p>\n<\/blockquote>\n\n\n\n<p>Trine Bojer Tamberg, St\u00f8vring<\/p>\n\n\n\n<blockquote class=\"wp-block-quote\">\n<p>Med naturen som baggrund og solens sidste str\u00e5ler fangede Sandvad Foto vores kors glade stemning i Hammer Bakker. Dejlige billeder.<\/p>\n\n\n\n<p>Sandvad foto f\u00e5r min anbefaling<\/p>\n<\/blockquote>\n\n\n\n<p>Dianna H\u00f8fde Andersen, Aalborg<\/p>\n\n\n\n<blockquote class=\"wp-block-quote\">\n<p>Fineste billeder og en behagelig oplevelse hele vejen igennem<\/p>\n<\/blockquote>\n\n\n\n<p>Louise Trankj\u00e6r Olesen, St\u00f8vring<\/p>\n\n\n\n<blockquote class=\"wp-block-quote\">\n<p>Vores kor, Side-by-Side, havde Mai-Britt med i Hammer Bakker til f\u00e6lles foto. Det var en sk\u00f8n oplevelse og Mai-Britt gik til opgaven med smil, humor og varme. Kan varmt anbefale Mai-Britt<\/p>\n<\/blockquote>\n\n\n\n<p>Dan Christensen, Dronninglund<\/p>\n\n\n\n<blockquote class=\"wp-block-quote\">\n<p>Vi havde Mai-Britt til at tage billeder til vores drengs konfirmation efter kirken og hjemme i haven, det var s\u00e5dan en fin oplevelse og Mai-Britt er b\u00e5de s\u00f8d og professionel og med masser af gode ideer.<\/p>\n\n\n\n<p>S\u00e5 hende kan vi varmt anbefale<\/p>\n<\/blockquote>\n\n\n\n<p>Stephanie Berg, Sk\u00f8rping<\/p>\n\n\n\n<blockquote class=\"wp-block-quote\">\n<p>Mai-Britt er s\u00e5 professionel i hendes arbejde &#8211; vi har f\u00e5et taget de smukkeste billeder p\u00e5 konfirmationsdagen som vil v\u00e6re et evigt flot minde.<\/p>\n\n\n\n<p>Jeg vil anbefale Mai-Britt til alle der skal bruge en professionel til deres billeder<\/p>\n<\/blockquote>\n\n\n\n<p>Inger-Marie Brun, Gug<\/p>\n\n\n\n<blockquote class=\"wp-block-quote\">\n<p>Mai-Britt var en fantastisk fotograf til mit kommende yogahold. Vi tilbragte noget tid udend\u00f8rs, hvor hun fangede stemningen virkelig smukt med sine billeder. Hun var b\u00e5de professionel, n\u00e6rv\u00e6rende og utrolig hj\u00e6lpsom gennem hele processen \u2013 og gjorde det nemt for mig at slappe af foran kameraet. Jeg kan varmt anbefale hende!<\/p>\n<\/blockquote>\n\n\n\n<p>Alisa, yogainstrukt\u00f8r, Sk\u00f8rping<\/p>\n\n\n\n<blockquote class=\"wp-block-quote\">\n<p>Mai-Britt var utrolig s\u00f8d og god til at skabe kontakt til b\u00f8rnene. Det var en meget behagelig oplevelse og vi bruger gerne Mai-Britt igen. Har lige ledes anbefalet hende videre til et familiemedlem. Tak for super fine billeder<\/p>\n<\/blockquote>\n\n\n\n<p>Louise Krarup Andersen, Sk\u00f8rping<\/p>\n\n\n\n<blockquote class=\"wp-block-quote\">\n<p>Vi kontaktede Mai-Britt i efter\u00e5rsferien. Hurtig og nem aftale kom i hus.<\/p>\n\n\n\n<p>Vi f\u00f8lte os hurtig trygge og hun virkede helt rolig og fantastisk til at skabe relation til de to store drenge.<\/p>\n\n\n\n<p>Hun fik de helt naturlige smil og heldige \u00f8jeblikke fanget, selvom vores mindste ikke var helt med p\u00e5 ideen om fotografering.<\/p>\n\n\n\n<p>Tusind tak for en god oplevelse og fantastisk service b\u00e5de f\u00f8r, under og efter fotograferingen.<\/p>\n<\/blockquote>\n\n\n\n<p>Julie Overgaard Larsen, St\u00f8vring<\/p>\n\n\n\n<blockquote class=\"wp-block-quote\">\n<p>Mai-Britt var helt fantastisk til at indfange lige n\u00f8jagtig d\u00e9t, jeg gerne vil udstr\u00e5le. Man f\u00f8ler sig m\u00f8dt, set og bliver helt afslappet, n\u00e5r man bliver guidet p\u00e5 n\u00e6nsom og samtidig kompetent vis. Kan p\u00e5 det varmeste anbefale Mai-Britt og Sandvad Foto til personlige erhvervsportr\u00e6tter. <\/p>\n<\/blockquote>\n\n\n\n<p>Janne Schmidt Nielsen, ejer af &#8220;Den skaeve vinkel&#8221;, St\u00f8vring<\/p>\n\n\n\n<blockquote class=\"wp-block-quote\">\n<p>Mai-Britt har taget billeder til vores datters konfirmation og de er blevet fantastiske. Mai-Britt er s\u00f8d, en god fotograf og kom med gode forslag til hvor billederne kunne tages. Hun f\u00e5r de varmeste anbefalinger fra os og vi vil helt sikkert bruge Sandvad foto igen <\/p>\n<\/blockquote>\n\n\n\n<p>Rikke Kragh Pedersen, Godth\u00e5b<\/p>\n\n\n\n<blockquote class=\"wp-block-quote\">\n<p>Jeg skulle have taget billeder til min webside og pressemateriale. Billederne ville jeg gerne have taget ude i skoven, s\u00e5 det var perfekt at f\u00e5 Mai-Britt til det. Det var en super god oplevelse og der var mange gode billeder at v\u00e6lge imellem bagefter. Jeg anbefaler gerne Mai-Britt og Sandvad foto <\/p>\n<\/blockquote>\n\n\n\n<p>Marianne K\u00f8pke, ejer af Mariannek\u00f8pke.dk, livsmentor og f\u00e6llesvandreture<\/p>\n\n\n\n<blockquote class=\"wp-block-quote\">\n<p>Vi har altid brugt Mai-Britt til at tage fotos af b\u00e5de os k\u00f8rel\u00e6rere, vores biler og k\u00f8reskolen, det vil vi helt sikkert blive ved med. Hun har ogs\u00e5 taget fotos af vores datter karla og vi er altid glade for resultatet. Har man brug for at Mai-Britt tryller lidt p\u00e5 en d\u00e5rlig dag, er hun super skrap i Photoshop.<\/p>\n<\/blockquote>\n\n\n\n<p>Sarah Jensen, ejer af Easy2Drive, St\u00f8vring og Aalborg k\u00f8reskole<\/p>\n\n\n\n<blockquote class=\"wp-block-quote has-text-align-left is-style-default\">\n<p>Mai-Britt har fotograferet Malthe til hans konfirmation. Vi er s\u00e5 tilfredse, det blev lige som vi havde forstillet os, med b\u00e5de billeder af Malthe alene, men ogs\u00e5 af os som familie. Mai-Britt har masser af gode ideer og styrer slagets gang. Malthe fik taget s\u00e5 fine nogle \u201cstreet\u201d billeder i bagg\u00e5rden i Jyllandsgade, noget vi nok ikke selv var kommet i tanke om<\/p>\n<\/blockquote>\n\n\n\n<p>Mette Drejer, Sk\u00f8rping<\/p>\n\n\n\n<blockquote class=\"wp-block-quote has-text-align-left\">\n<p>Billederne er super gode. Jeg anbefaler gerne Mai-Britt.<\/p>\n<\/blockquote>\n\n\n\n<p>Stephanie Amsler, St\u00f8vring<\/p>\n\n\n\n<blockquote class=\"wp-block-quote has-text-align-left\">\n<p>Jeg havde bestilt Mai-Britt til at fotografere hele min familie i min have til min f\u00f8dselsdag, og det tog ikke lang tid, men jeg er rigtig glad for billederne og vil helt sikkert anbefale hende.<\/p>\n<\/blockquote>\n\n\n\n<p>Solveig Harder Christensen, Sk\u00f8rping<\/p>\n","protected":false},"excerpt":{"rendered":"<p>Jeg har i mange \u00e5r fotograferet for venner, familie og min arbejdsplads, og har v\u00e6ret s\u00e5 heldig at fotografere mange<\/p>\n<p><span class=\"more-link\"><a href=\"http:\/\/sandvaddesign.dk\/\" class=\"readmore\">Continue reading<span class=\"screen-reader-text\">Anbefalinger<\/span><\/a><\/span><\/p>\n","protected":false},"author":1,"featured_media":0,"parent":0,"menu_order":0,"comment_status":"closed","ping_status":"open","template":"","meta":[],"_links":{"self":[{"href":"http:\/\/sandvaddesign.dk\/index.php?rest_route=\/wp\/v2\/pages\/2"}],"collection":[{"href":"http:\/\/sandvaddesign.dk\/index.php?rest_route=\/wp\/v2\/pages"}],"about":[{"href":"http:\/\/sandvaddesign.dk\/index.php?rest_route=\/wp\/v2\/types\/page"}],"author":[{"embeddable":true,"href":"http:\/\/sandvaddesign.dk\/index.php?rest_route=\/wp\/v2\/users\/1"}],"replies":[{"embeddable":true,"href":"http:\/\/sandvaddesign.dk\/index.php?rest_route=%2Fwp%2Fv2%2Fcomments&post=2"}],"version-history":[{"count":15,"href":"http:\/\/sandvaddesign.dk\/index.php?rest_route=\/wp\/v2\/pages\/2\/revisions"}],"predecessor-version":[{"id":562,"href":"http:\/\/sandvaddesign.dk\/index.php?rest_route=\/wp\/v2\/pages\/2\/revisions\/562"}],"wp:attachment":[{"href":"http:\/\/sandvaddesign.dk\/index.php?rest_route=%2Fwp%2Fv2%2Fmedia&parent=2"}],"curies":[{"name":"wp","href":"https:\/\/api.w.org\/{rel}","templated":true}]}}