{"id":3,"date":"2023-04-28T12:15:46","date_gmt":"2023-04-28T12:15:46","guid":{"rendered":"http:\/\/sandvaddesign.dk\/?page_id=3"},"modified":"2023-04-30T13:59:11","modified_gmt":"2023-04-30T13:59:11","slug":"qa","status":"publish","type":"page","link":"http:\/\/sandvaddesign.dk\/?page_id=3","title":{"rendered":"Privatlivspolitik"},"content":{"rendered":"\n<h4 class=\"wp-block-heading\">Hvem er vi<\/h4>\n\n\n\n<p>Sandvad Foto\/Sandvaddesign er fotografering i fritiden af Mai-Britt Sandvad.<br>Jeg er dataansvarlig for behandlingen af de personoplysninger, som jeg behandler om kunderne og samarbejdspartnere. Du finder vores kontaktoplysninger nedenfor.<br>Da dette er en fritidsbesk\u00e6ftigelse er der endnu ikke oprettet et cvr nr. Dette vil s\u00e5fremt \u00e5rsindkomsten rammer kr. 50.000.<\/p>\n\n\n\n<h4 class=\"wp-block-heading\">Behandlingsaktiviteter<\/h4>\n\n\n\n<p>Som dataansvarlig jf. GDPR, s\u00e5 har vi f\u00f8lgende behandlingsaktiviteter.<\/p>\n\n\n\n<h4 class=\"wp-block-heading\">Bes\u00f8g p\u00e5 hjemmeside og cookies<\/h4>\n\n\n\n<p>N\u00e5r du bes\u00f8ger vores hjemmeside, s\u00e5 anvender vi cookies for at hjemmesiden kan fungere..<\/p>\n\n\n\n<h4 class=\"wp-block-heading\">Kommunikation med potentielle kunder<\/h4>\n\n\n\n<p>N\u00e5r du har sp\u00f8rgsm\u00e5l til vores side, eller \u00f8nsker at h\u00f8re mere om vores services, s\u00e5 kan du kontakte os via:<\/p>\n\n\n\n<ul>\n<li>Sociale medier<\/li>\n\n\n\n<li>Email<\/li>\n\n\n\n<li>Telefon<\/li>\n<\/ul>\n\n\n\n<p>Herigennem vil vi behandle dine&nbsp;<a href=\"https:\/\/gdpr.dk\/persondataforordningen\/hvad-er-personoplysninger\/\">personoplysninger<\/a>, s\u00e5 vi kan indg\u00e5 i en dialog med dig fx svare p\u00e5 sp\u00f8rgsm\u00e5l om vores ydelser. Vi behandler kun den information, som du giver os i forbindelse med vores kommunikation.<\/p>\n\n\n\n<p>Vi vil typisk behandle f\u00f8lgende almindelige oplysninger: navn, email, telefonnummer.<\/p>\n\n\n\n<p>Vores hjemmel til at behandle disse personoplysninger er databeskyttelsesforordningens artikel 6, stk. 1 litra f.<\/p>\n\n\n\n<p>Vi sletter vores kommunikation med dig n\u00e5r det st\u00e5r klart om du \u00f8nsker vores ydelser eller ej.<\/p>\n\n\n\n<p>Skulle der i et s\u00e6rligt tilf\u00e6lde opst\u00e5 et behov for at opbevare dine personoplysninger i l\u00e6ngere tid, s\u00e5 vil dette kunne v\u00e6re tilf\u00e6ldet.<\/p>\n\n\n\n<h4 class=\"wp-block-heading\">Kunder<\/h4>\n\n\n\n<p>Vi har behov for at kommunikere med vores kunder, s\u00e5 vi sikrer os, at ydelsen leveres korrekt. Herigennem kan vi behandle oplysninger om navn, adresse, ydelser, s\u00e6rlige aftaler, betalingsinformationer og lignende.&nbsp;<\/p>\n\n\n\n<p>Hjemlen til at behandle disse personoplysninger er databeskyttelsesforordningens artikel 6, stk. 1 litra b.<\/p>\n\n\n\n<p>N\u00e5r ydelsen er leveret og eventuelle udest\u00e5ende er afsluttede, s\u00e5 vil vi umiddelbart herefter slette personoplysningerne.<\/p>\n\n\n\n<h4 class=\"wp-block-heading\">Behandling af fotos<\/h4>\n\n\n\n<p>Jeg gemmer kun et lille udvalg til mine referencer p\u00e5 en ekstern backup. \u00d8nsker du jeg gemmer alle dine redigerede billeder og r\u00e5-materialet, s\u00e5 sig til, det kan lade sig g\u00f8re mod en lille ekstrapris for lagringsplads. Husk at sige dette senest ved udvalg af fotos. Jeg sender de k\u00f8bte digitale billeder til dig p\u00e5 WeTransfer.com. Her f\u00e5r du et link som virker i en uge, og er det dit ansvar at downloade og gemme dine digitale billeder. Ellers sletter jeg billederne efter levering, da r\u00e5-billeder fylder rigtig meget.<\/p>\n\n\n\n<p>Som alle andre fotografer har jeg rettigheder til de billeder jeg tager og vil bruge nogle som referencer p\u00e5 mit materiale s\u00e5som sociale medier og website. Men de vil blive vist uden tags og informationer, og er p\u00e5 den m\u00e5de anonyme. Tag en snak med mig hvis du har s\u00e6rlige \u00f8nsker, s\u00e5 finder vi en l\u00f8sning.<\/p>\n\n\n\n<h4 class=\"wp-block-heading\">Videregivelse af personoplysninger&nbsp;<\/h4>\n\n\n\n<p>Vi videregiver ikke dine personoplysninger til tredjemand.<\/p>\n\n\n\n<h4 class=\"wp-block-heading\">Profilering og automatiserede afg\u00f8relser<\/h4>\n\n\n\n<p>Vi foretager ikke profilering eller automatiserede afg\u00f8relser.<\/p>\n\n\n\n<h4 class=\"wp-block-heading\">De registreredes rettigheder<\/h4>\n\n\n\n<p>Du har efter databeskyttelsesforordningen en r\u00e6kke rettigheder i forhold til vores behandling af oplysninger om dig.<\/p>\n\n\n\n<p>Hvis du vil g\u00f8re brug af dine rettigheder skal du kontakte os, s\u00e5 vi kan hj\u00e6lpe dig med dette.<\/p>\n\n\n\n<h4 class=\"wp-block-heading\">Ret til at se oplysninger (indsigtsret)<\/h4>\n\n\n\n<p>Du har ret til at f\u00e5 indsigt i de oplysninger, som vi behandler om dig, samt en r\u00e6kke yderligere oplysninger.<\/p>\n\n\n\n<h4 class=\"wp-block-heading\">Ret til berigtigelse (rettelse)<\/h4>\n\n\n\n<p>Du har ret til at f\u00e5 urigtige oplysninger om dig selv rettet.<\/p>\n\n\n\n<h4 class=\"wp-block-heading\">Ret til sletning<\/h4>\n\n\n\n<p>I s\u00e6rlige tilf\u00e6lde har du ret til at f\u00e5 slettet oplysninger om dig, inden tidspunktet for vores almindelige generelle sletning indtr\u00e6ffer.<\/p>\n\n\n\n<h4 class=\"wp-block-heading\">Ret til begr\u00e6nsning af behandling<\/h4>\n\n\n\n<p>Du har i visse tilf\u00e6lde ret til at f\u00e5 behandlingen af dine personoplysninger begr\u00e6nset. Hvis du har ret til at f\u00e5 begr\u00e6nset behandlingen, m\u00e5 vi fremover kun behandle oplysningerne \u2013 bortset fra opbevaring \u2013 med dit samtykke, eller med henblik p\u00e5 at retskrav kan fastl\u00e6gges, g\u00f8res g\u00e6ldende eller forsvares, eller for at beskytte en person eller vigtige samfundsinteresser.<\/p>\n\n\n\n<h4 class=\"wp-block-heading\">Ret til indsigelse<\/h4>\n\n\n\n<p>Du har i visse tilf\u00e6lde ret til at g\u00f8re indsigelse mod vores ellers lovlige behandling af dine personoplysninger. Du kan ogs\u00e5 g\u00f8re indsigelse mod behandling af dine oplysninger til direkte markedsf\u00f8ring.<\/p>\n\n\n\n<h4 class=\"wp-block-heading\">Tilbagetr\u00e6kning af samtykke<\/h4>\n\n\n\n<p>N\u00e5r vores behandling af dine personoplysninger er baseret p\u00e5 dit samtykke, s\u00e5 har du ret til at tr\u00e6kke dit samtykke tilbage.&nbsp;<\/p>\n\n\n\n<h4 class=\"wp-block-heading\">Klage til Datatilsynet<\/h4>\n\n\n\n<p>Du har ret til at indgive en klage til Datatilsynet, hvis du er utilfreds med den m\u00e5de, vi behandler dine personoplysninger p\u00e5. Du finder Datatilsynets kontaktoplysninger p\u00e5<a href=\"http:\/\/www.datatilsynet.dk\/\" target=\"_blank\" rel=\"noreferrer noopener\">www.datatilsynet.dk<\/a>.<\/p>\n\n\n\n<p>Vi vil generelt opfordre dig til at l\u00e6se mere om GDPR, s\u00e5 du er opdateret p\u00e5 reglerne.<\/p>\n","protected":false},"excerpt":{"rendered":"<p>Hvem er vi Sandvad Foto\/Sandvaddesign er fotografering i fritiden af Mai-Britt Sandvad.Jeg er dataansvarlig for behandlingen af de personoplysninger, som<\/p>\n<p><span class=\"more-link\"><a href=\"http:\/\/sandvaddesign.dk\/?page_id=3\" class=\"readmore\">Continue reading<span class=\"screen-reader-text\">Privatlivspolitik<\/span><\/a><\/span><\/p>\n","protected":false},"author":1,"featured_media":0,"parent":0,"menu_order":0,"comment_status":"closed","ping_status":"closed","template":"","meta":[],"_links":{"self":[{"href":"http:\/\/sandvaddesign.dk\/index.php?rest_route=\/wp\/v2\/pages\/3"}],"collection":[{"href":"http:\/\/sandvaddesign.dk\/index.php?rest_route=\/wp\/v2\/pages"}],"about":[{"href":"http:\/\/sandvaddesign.dk\/index.php?rest_route=\/wp\/v2\/types\/page"}],"author":[{"embeddable":true,"href":"http:\/\/sandvaddesign.dk\/index.php?rest_route=\/wp\/v2\/users\/1"}],"replies":[{"embeddable":true,"href":"http:\/\/sandvaddesign.dk\/index.php?rest_route=%2Fwp%2Fv2%2Fcomments&post=3"}],"version-history":[{"count":4,"href":"http:\/\/sandvaddesign.dk\/index.php?rest_route=\/wp\/v2\/pages\/3\/revisions"}],"predecessor-version":[{"id":114,"href":"http:\/\/sandvaddesign.dk\/index.php?rest_route=\/wp\/v2\/pages\/3\/revisions\/114"}],"wp:attachment":[{"href":"http:\/\/sandvaddesign.dk\/index.php?rest_route=%2Fwp%2Fv2%2Fmedia&parent=3"}],"curies":[{"name":"wp","href":"https:\/\/api.w.org\/{rel}","templated":true}]}}

<h4 class="wp-block-heading">Hvem er vi</h4>



<p>Sandvad Foto/Sandvaddesign er fotografering i fritiden af Mai-Britt Sandvad.<br>Jeg er dataansvarlig for behandlingen af de personoplysninger, som jeg behandler om kunderne og samarbejdspartnere. Du finder vores kontaktoplysninger nedenfor.<br>Da dette er en fritidsbeskæftigelse er der endnu ikke oprettet et cvr nr. Dette vil såfremt årsindkomsten rammer kr. 50.000.</p>



<h4 class="wp-block-heading">Behandlingsaktiviteter</h4>



<p>Som dataansvarlig jf. GDPR, så har vi følgende behandlingsaktiviteter.</p>



<h4 class="wp-block-heading">Besøg på hjemmeside og cookies</h4>



<p>Når du besøger vores hjemmeside, så anvender vi cookies for at hjemmesiden kan fungere..</p>



<h4 class="wp-block-heading">Kommunikation med potentielle kunder</h4>



<p>Når du har spørgsmål til vores side, eller ønsker at høre mere om vores services, så kan du kontakte os via:</p>



<ul>
<li>Sociale medier</li>



<li>Email</li>



<li>Telefon</li>
</ul>



<p>Herigennem vil vi behandle dine&nbsp;<a href="https://gdpr.dk/persondataforordningen/hvad-er-personoplysninger/">personoplysninger</a>, så vi kan indgå i en dialog med dig fx svare på spørgsmål om vores ydelser. Vi behandler kun den information, som du giver os i forbindelse med vores kommunikation.</p>



<p>Vi vil typisk behandle følgende almindelige oplysninger: navn, email, telefonnummer.</p>



<p>Vores hjemmel til at behandle disse personoplysninger er databeskyttelsesforordningens artikel 6, stk. 1 litra f.</p>



<p>Vi sletter vores kommunikation med dig når det står klart om du ønsker vores ydelser eller ej.</p>



<p>Skulle der i et særligt tilfælde opstå et behov for at opbevare dine personoplysninger i længere tid, så vil dette kunne være tilfældet.</p>



<h4 class="wp-block-heading">Kunder</h4>



<p>Vi har behov for at kommunikere med vores kunder, så vi sikrer os, at ydelsen leveres korrekt. Herigennem kan vi behandle oplysninger om navn, adresse, ydelser, særlige aftaler, betalingsinformationer og lignende.&nbsp;</p>



<p>Hjemlen til at behandle disse personoplysninger er databeskyttelsesforordningens artikel 6, stk. 1 litra b.</p>



<p>Når ydelsen er leveret og eventuelle udestående er afsluttede, så vil vi umiddelbart herefter slette personoplysningerne.</p>



<h4 class="wp-block-heading">Behandling af fotos</h4>



<p>Jeg gemmer kun et lille udvalg til mine referencer på en ekstern backup. Ønsker du jeg gemmer alle dine redigerede billeder og rå-materialet, så sig til, det kan lade sig gøre mod en lille ekstrapris for lagringsplads. Husk at sige dette senest ved udvalg af fotos. Jeg sender de købte digitale billeder til dig på WeTransfer.com. Her får du et link som virker i en uge, og er det dit ansvar at downloade og gemme dine digitale billeder. Ellers sletter jeg billederne efter levering, da rå-billeder fylder rigtig meget.</p>



<p>Som alle andre fotografer har jeg rettigheder til de billeder jeg tager og vil bruge nogle som referencer på mit materiale såsom sociale medier og website. Men de vil blive vist uden tags og informationer, og er på den måde anonyme. Tag en snak med mig hvis du har særlige ønsker, så finder vi en løsning.</p>



<h4 class="wp-block-heading">Videregivelse af personoplysninger&nbsp;</h4>



<p>Vi videregiver ikke dine personoplysninger til tredjemand.</p>



<h4 class="wp-block-heading">Profilering og automatiserede afgørelser</h4>



<p>Vi foretager ikke profilering eller automatiserede afgørelser.</p>



<h4 class="wp-block-heading">De registreredes rettigheder</h4>



<p>Du har efter databeskyttelsesforordningen en række rettigheder i forhold til vores behandling af oplysninger om dig.</p>



<p>Hvis du vil gøre brug af dine rettigheder skal du kontakte os, så vi kan hjælpe dig med dette.</p>



<h4 class="wp-block-heading">Ret til at se oplysninger (indsigtsret)</h4>



<p>Du har ret til at få indsigt i de oplysninger, som vi behandler om dig, samt en række yderligere oplysninger.</p>



<h4 class="wp-block-heading">Ret til berigtigelse (rettelse)</h4>



<p>Du har ret til at få urigtige oplysninger om dig selv rettet.</p>



<h4 class="wp-block-heading">Ret til sletning</h4>



<p>I særlige tilfælde har du ret til at få slettet oplysninger om dig, inden tidspunktet for vores almindelige generelle sletning indtræffer.</p>



<h4 class="wp-block-heading">Ret til begrænsning af behandling</h4>



<p>Du har i visse tilfælde ret til at få behandlingen af dine personoplysninger begrænset. Hvis du har ret til at få begrænset behandlingen, må vi fremover kun behandle oplysningerne – bortset fra opbevaring – med dit samtykke, eller med henblik på at retskrav kan fastlægges, gøres gældende eller forsvares, eller for at beskytte en person eller vigtige samfundsinteresser.</p>



<h4 class="wp-block-heading">Ret til indsigelse</h4>



<p>Du har i visse tilfælde ret til at gøre indsigelse mod vores ellers lovlige behandling af dine personoplysninger. Du kan også gøre indsigelse mod behandling af dine oplysninger til direkte markedsføring.</p>



<h4 class="wp-block-heading">Tilbagetrækning af samtykke</h4>



<p>Når vores behandling af dine personoplysninger er baseret på dit samtykke, så har du ret til at trække dit samtykke tilbage.&nbsp;</p>



<h4 class="wp-block-heading">Klage til Datatilsynet</h4>



<p>Du har ret til at indgive en klage til Datatilsynet, hvis du er utilfreds med den måde, vi behandler dine personoplysninger på. Du finder Datatilsynets kontaktoplysninger på<a href="http://www.datatilsynet.dk/" target="_blank" rel="noreferrer noopener">www.datatilsynet.dk</a>.</p>



<p>Vi vil generelt opfordre dig til at læse mere om GDPR, så du er opdateret på reglerne.</p>
